. Give m(6).
12
Let n(z) be the first derivative of z**3/3 + 15*z**2/2 - 16*z + 1209. Determine n(-15).
-16
Let r(n) be the second derivative of -2*n**3/3 + 4*n**2 + n. Suppose 48*y - 51 + 233 + 324 = 26. Calculate r(y).
48
Let f(t) = -53*t**2 - 10*t - 34. Let a(k) = -115*k**2 - 22*k - 69. Let p(x) = -6*a(x) + 13*f(x). What is p(5)?
7
Let r = 10 - 0. Suppose -12*c + r*c = -10. Let v(k) = 1 + k**3 - 309*k - 7*k**2 - 6 + 2*k**2 + 625*k - 314*k. Calculate v(c).
5
Suppose -8*i = -2*f - 9*i + 2, 2*i - 4 = 4*f. Suppose z = -f*z + 2*l + 14, z + 3*l + 11 = 0. Let w(m) = -m**2 + 2*m + 2. Determine w(z).
-6
Let j(o) = -o**2 - 4*o - 3. Let a = -18 - 7. Let r be 36/2 - (-10)/2. Let z = r + a. Determine j(z).
1
Let p(o) = -o**3 + 14*o**2 - 3*o + 38. Let i = -1509 - -1523. Determine p(i).
-4
Suppose -658*b + 668*b = -50. Let f(q) = q**2 + 4*q - 19. Give f(b).
-14
Let q(t) = 15*t - 1. Suppose 2*b + 4*m = 6, 3*m = -3*b + m + 13. Suppose j - 2*y = -10, 3*j + y + 22 = b*y. What is q(j)?
-31
Let f = 24328 - 24331. Let z(i) = 11*i**2 + i + 5. What is z(f)?
101
Let c(p) = p - 24. Suppose -14*w + 10 = -19*w, 3*n - 4*w = -22. Give c(n).
-34
Let q(g) = g**2 + 3*g - 6. Let u = 146 + -144. Suppose -5*c - 30 = u*b, 13 = 26*b - 27*b - 2*c. Determine q(b).
4
Let w(o) = -o**3 - 20*o**2 - 21*o - 28. Let v be w(-19). Let j = -16 + v. Let z(g) = 10 + 2*g**3 - 9 - g - 3*g**3 - 5*g - 7*g**2. Give z(j).
1
Let o(b) = 210 - 157 + 96 - 25*b. Give o(6).
-1
Suppose 33*x - 47*x + 420 = 0. Suppose 150*z - 155*z = -x. Let l(j) = j - 7. Give l(z).
-1
Let d(s) be the first derivative of -7*s - 5/3*s**3 - 5/2*s**2 + 80 + 1/4*s**4. Suppose 3*h = 25 - 7. Calculate d(h).
-1
Let o(t) = 2*t. Let k(h) = 5*h**2 - 5*h**2 - 145 + 143 + 15*h + h**2. Let x(i) = k(i) - 6*o(i). Give x(2).
8
Let n(p) = 3*p**2 - 17*p - 9. Suppose -9*d + 151 = 97. Calculate n(d).
-3
Let o(v) = -v**2 + 28*v + 28. Let b(x) = x**3 - 96*x**2 - 510*x + 533. Let m be b(101). What is o(m)?
28
Suppose -17730*n = -17746*n - 400. Let x(i) = 2*i**2 + 47*i - 38. Give x(n).
37
Let x(n) = 13*n**2 - 10*n**2 - 24 + 33 - 8*n + n**3 - 6*n**2 - 2*n**2. Give x(6).
-3
Let l(g) = g - 20. Let t(p) = -2*p - 2 + 36 + 19 - 9. Let w(u) = 13*l(u) + 6*t(u). Give w(0).
4
Let j(a) = -4*a - 1 - 1 + 3 + a**3 + 0 - 5 + a**2. Calculate j(-2).
0
Let v(w) = -w**3 - 3*w**2 + 4*w - 5. Let m(z) = -4*z + 10. Let y be m(16). Let i = -47 - y. Suppose 0 = i*n - 10*n - 12. Give v(n).
-5
Let z(i) = 12*i**3 - 2*i**2 + 31*i - 2. Let d(x) = 5*x**3 + 2*x**2 + 15*x - 1. Let m(c) = -5*d(c) + 2*z(c). Calculate m(-13).
1
Let p(q) be the first derivative of q**3/3 + 29*q**2/2 + 109*q + 5175. What is p(-24)?
-11
Let c(s) = -64*s**2 + 259*s**2 - 74 - 73*s**2 - 87*s**2 - 73*s**2 - s**3 + 37*s. Determine c(-39).
4
Let y(z) = 6*z - 6*z**2 + z**2 - z**3 - 5 + z**2. Let c(n) = -2*n**3 - 5*n**2 + 5*n + 1. Let b be c(2). Let l = 20 + b. Determine y(l).
-10
Let c(t) be the second derivative of t**4/12 + 3*t**3/2 + 11*t**2/2 - t. Let f(m) = m**3 + 70*m**2 + 72*m + 199. Let l be f(-69). Calculate c(l).
3
Let p = -12 - -19. Suppose -4*f + p*f + 3 = 0. Let t(v) = 12*v + 1. Calculate t(f).
-11
Let w(c) = c**3 - 8*c**2 + 5*c - 9. Let a be 10*(3*(-39)/(-45) - 2). Calculate w(a).
-51
Let x(l) be the third derivative of l**6/120 - 7*l**5/60 + l**4/4 + l**3/6 + 13*l**2. Suppose 18*t = 45 + 63. Determine x(t).
1
Let m(n) = -3*n**3 + 5*n**3 + 523885*n - 9*n**2 + n**3 - 523893*n - 2*n**3 - 21. What is m(10)?
-1
Suppose k - 9 = -15*w + 10*w, 0 = 4*w - 4. Let x(v) = 6*v**3 - 3*v**2 - v + 8. Let y(h) = -4*h**3 + 3*h**2 + h - 6. Let r(j) = k*y(j) + 3*x(j). Give r(-3).
-30
Let d be 3 - 0/(-6) - 209. Let a = 208 + d. Let s(u) = -u**2 - 1. Determine s(a).
-5
Let j(a) = 0 + 5 - 2 + a**2 - 4 + 6*a. Suppose 16 - 10 = 2*x. Let m be (1 - x/5)/((-6)/90). Determine j(m).
-1
Let w(h) = h**3 + 6*h**2 + 6*h + 2. Suppose 89 - 71 = -9*g. Give w(g).
6
Let s(o) = 12*o - 1. Let y(u) = 4*u + 7. Let k be y(2). Let c be (0 + k)*(-1 - -2). Suppose 16 = c*z + 1. Determine s(z).
11
Let z(j) = j**3 - 11*j**2 + 7*j + 24. Let f = -9904 - -9914. Give z(f).
-6
Let q be (-5534)/(-5) - (-52)/(-65). Let m(s) = -s + 0*s + 1104 + q - 2211 - 7*s**3. Suppose 0 = -t + 2 - 3. Calculate m(t).
7
Let l(m) be the first derivative of -1/3*m**3 + 4*m**2 + 5*m + 99. What is l(8)?
5
Let s(a) be the second derivative of -a**6/360 - 19*a**4/24 - a**3/6 + 55*a**2/2 + 7*a + 1. Let g(h) be the second derivative of s(h). Calculate g(0).
-19
Let w(f) be the first derivative of -29*f**2/2 + f - 1. Suppose -25716*h - 49 = -5*v - 25712*h, -31 = 2*v + 3*h. Determine w(v).
-28
Let t(c) be the first derivative of c**3/3 + 83*c + 226. Let y(q) be the first derivative of t(q). Suppose 3*b - h + 6*h = -23, -5*h + 7 = -2*b. Give y(b).
-12
Suppose -5*g = -2*z + 42, -430*z = -432*z - 8. Let s(b) = -2*b**3 - 18*b**2 + 19*b - 19. What is s(g)?
-9
Let o(m) be the second derivative of -m**4/6 + 10*m**3/3 - 19*m**2/2 - 1970*m. Determine o(7).
23
Suppose 809*t - 828*t + 57 = 0. Suppose g + 3*g - 32 = 0. Let n(k) = -g*k**2 - k**t + 3 - 9 + 7 - 6*k. Determine n(-7).
-6
Let k(w) = -w**3 - 10*w**2 - 10*w - 6. Let s be k(-8). Let t = -50 - s. Suppose 0 = 6*f + t - 4. Let z(j) = -j**2 + 18. Determine z(f).
18
Let j(f) = 4*f - 6*f**2 + 3*f - 7 + f**3 - f. Let a(z) = -6*z**2 - 19*z - 10. Let x be a(-6). Let s be (-18)/(-5) + x/(-80). Calculate j(s).
-2
Let j(o) = o**3 + 5*o**2 - 5*o - 6. Suppose -5*c = b + 32, -3*c - 2*b = 1 + 21. Calculate j(c).
-12
Suppose -5*w - 5*o = -620, 16*w + 4*o = 13*w + 374. Suppose -98 + w = 4*h. Let c(k) = k**2 - 4*k - 14. What is c(h)?
-2
Let m(n) be the third derivative of 8*n**2 - 1/120*n**6 - n**3 + 1/6*n**4 + 0 + 1/15*n**5 - 6*n. Determine m(4).
10
Let s be (2/(-1))/((-2)/(-7)). Let i(d) = -25*d**2 + 12*d - 19. Let w(q) = 63*q**2 - 25*q + 48. Let a(m) = 5*i(m) + 2*w(m). Give a(s).
-20
Suppose -n = -5*m - 1 - 0, -2*m = 5*n - 59. Suppose -4*f - 3 = -n. Let d be f/(2/4*-4). Let k(a) = -10*a**3 + 2*a**2 + 2*a + 1. Calculate k(d).
11
Let s(w) be the third derivative of -w**4/24 + w**3/3 - 48*w**2 + 8. Let l be (-30)/(-80) + (-10)/(-16). Determine s(l).
1
Let a(r) = 21*r - 377. Let h be a(18). Let m be 22/18 - (-2)/(-9). Let k(g) = g + m + g + 9*g**2 - 3*g. What is k(h)?
9
Let c(g) = -10*g + 3. Let w be (-28)/6*(437/38 - 13). Calculate c(w).
-67
Suppose -4*a = -4*c - 24, 0 = -5*a - 0*c - 2*c + 37. Let s(b) be the third derivative of b**5/60 - 3*b**4/8 + b**3/2 - 3*b**2 - 549. Give s(a).
-11
Let b(q) = -19*q - 10 - 34*q**2 + 77*q**2 - 42*q**2. Let c be b(20). Let w(x) = -16 + c + x + 10. Determine w(-9).
-5
Let d = -235 - -230. Let k(j) = 2*j + j**2 - 8 - 4 + j + 5 - 2*j. What is k(d)?
13
Let t be (-155)/(-7) - 12/(-924)*-11. Let g(i) = -6*i + 2*i**2 + 2*i - 6*i**2 + 5*i - 1 + t*i**2. Suppose y - 2*x - 7 - 2 = 0, 3*x = 2*y - 14. What is g(y)?
18
Let p(o) be the third derivative of -o**4/24 - 3*o**3 - 3*o**2. Suppose 85*u = -288 - 156 - 66. Determine p(u).
-12
Suppose -9 = -3*r + 3. Let f(b) = -4 + b**2 - 360*b - 361*b - 360*b + 1076*b. Determine f(r).
-8
Suppose -4*y = -10*d + 14*d + 84, -5*y - 2*d - 90 = 0. Let l(n) = n**2 + 16*n - 35. Determine l(y).
-35
Let y(p) = -12 + 5 + 3*p**2 + p**3 + p - 4*p**2. Let c(k) = k - 5. Let a be c(2). Let u be (3/(-3)*0)/(4 + a). Give y(u).
-7
Let i(h) = -h + 13. Let t(p) = -27*p + 1044. Let o be t(38). Calculate i(o).
-5
Let s(q) = -22*q**3 - 48*q**2 - 55*q - 68. Let t(n) = 9*n**3 + 19*n**2 + 22*n + 27. Let y(b) = 7*s(b) + 17*t(b). What is y(-12)?
-29
Let u(p) = 27 - 15 + 16*p + 0*p - 9*p - 4*p. Give u(-2).
6
Let n(a) = -a**3 + a**2 + a - 1. Suppose 333 - 318 = -5*l. Let r(c) = 2*c**3 - 5*c**2 - 6*c + 4. Let q(k) = l*n(k) - r(k). What is q(-3)?
-19
Let d(g) = 1778*g - g**2 - g**2 - 1787*g + 2. Let n(a) = -6*a**2 - 26*a + 5. Let m(v) = 17*d(v) - 6*n(v). Determine m(-3).
13
Let q = -64 + 66. Let t be 3 + -5 + 1 - (8 - q). Let w(k) = -k**2 - 9*k - 8. What is w(t)?
6
Let h(z) = 2*z + 3. Let t be h(0). Let i(s) = -8 + 4*s**t + 21*s - 22*s - 3*s**3 + 11*s**2. Give i(-11).
3
Let n(g) = 4*g - 15. Suppose 12 = 5*y + 3*r + 24, -3*r - 12 = 4*y. Determine n(y).
-15
Let v(m) = -m**2 - 5*m - 10*m**2 + 6 - 8*m**2 + 24*m**2 - 6*m**2. Let x be (-2 + 8/5)*-5. Let l be (x + 16/(-5))*5. Calculate v(l).
0
Let y(z) be the first deriv